367033 prime?
True
Is 16909651019 a prime number?
True
Is 39430193947 a prime number?
False
Is 59982991247 composite?
False
Is 3922991623 prime?
True
Is 33408149 composite?
False
Is 141714791 a prime number?
True
Is 18254158723 prime?
False
Is 26981549633 a composite number?
False
Is 1941676493 a prime number?
True
Is 5454922427 prime?
False
Is 190376883023 composite?
False
Is 5489498741 a prime number?
True
Is 1371840377 composite?
True
Is 6951057023 prime?
False
Is 25614694727 a composite number?
True
Is 210495027 a prime number?
False
Is 15408754771 a composite number?
True
Is 38564788001 prime?
True
Is 51810365507 composite?
False
Is 122098999639 a prime number?
False
Is 9021703 prime?
True
Is 242978017 a prime number?
True
Is 190638317 prime?
True
Is 76358369149 a prime number?
False
Is 710013511 a prime number?
False
Is 634784929 prime?
True
Is 6284456509 prime?
True
Is 24670436501 a prime number?
True
Is 15074677771 a prime number?
False
Is 158214713 a prime number?
True
Is 140861921 prime?
True
Is 2090142947 a composite number?
False
Is 3207396611 a composite number?
False
Is 6777743501 prime?
True
Is 27649051069 a prime number?
True
Is 148789807 a composite number?
True
Is 17589456785 prime?
False
Is 79907482922 prime?
False
Is 1221390893 prime?
False
Is 683396083 prime?
False
Is 2800656301 a composite number?
True
Is 10991594807 prime?
True
Is 53541106621 a prime number?
True
Is 1814966233 a composite number?
False
Is 188161715561 composite?
False
Is 11736162929 prime?
True
Is 816967939 prime?
True
Is 6073624299 a prime number?
False
Is 14621757079 composite?
False
Is 22968386459 a composite number?
True
Is 13638464165 composite?
True
Is 99043482437 a prime number?
True
Is 1896215521 prime?
False
Is 84391855357 a prime number?
False
Is 108698690111 composite?
True
Is 45587515835 prime?
False
Is 7735461133 prime?
False
Is 1351010939 prime?
True
Is 1348249387 a prime number?
False
Is 217657869369 a composite number?
True
Is 2232710059 composite?
False
Is 891282857 a composite number?
False
Is 523944385 a composite number?
True
Is 1083950333 composite?
True
Is 29565950927 composite?
False
Is 1348547867 composite?
False
Is 2047601189 composite?
False
Is 800506261 composite?
False
Is 8013751615 a prime number?
False
Is 31251697843 prime?
True
Is 30662464087 a prime number?
True
Is 134580520241 composite?
True
Is 17001131531 a composite number?
False
Is 173774947889 a prime number?
False
Is 57107690881 a composite number?
False
Is 18066239351 a composite number?
True
Is 9870083161 composite?
False
Is 7083251587 prime?
True
Is 14765140121 composite?
False
Is 25222252751 a composite number?
False
Is 159799613 composite?
False
Is 117737723 prime?
True
Is 886223089 a prime number?
True
Is 54969244859 a composite number?
False
Is 76862813707 a composite number?
True
Is 23567903 a composite number?
False
Is 79714980199 a prime number?
True
Is 22464839741 prime?
True
Is 22027913111 a composite number?
True
Is 143385087271 a prime number?
True
Is 627553631 a composite number?
False
Is 556551727 prime?
True
Is 891547063 composite?
True
Is 1306608091 a prime number?
True
Is 13998451 a composite number?
False
Is 4465121489 a composite number?
True
Is 153275838883 prime?
False
Is 9020202853 a composite number?
False
Is 398299933 prime?
True
Is 231275729 a composite number?
True
Is 156579559 a prime number?
True
Is 3744421007 composite?
False
Is 33647981023 a composite number?
True
Is 528219637 composite?
True
Is 1698724823 a composite number?
True
Is 19642405703 a composite number?
True
Is 834155849 composite?
True
Is 90913134251 prime?
True
Is 10436882441 a composite number?
True
Is 4273460021 composite?
False
Is 578073487 a prime number?
True
Is 34862698627 a prime number?
True
Is 132345449 composite?
False
Is 5067514421 composite?
True
Is 72405179591 prime?
False
Is 886775027 prime?
False
Is 216093743 a composite number?
False
Is 6988707043 a composite number?
False
Is 26303032339 a prime number?
True
Is 3861123533 a composite number?
False
Is 422894369 composite?
True
Is 314566462957 a prime number?
True
Is 48361236223 a prime number?
True
Is 3727153765 a prime number?
False
Is 1448796451 composite?
False
Is 6551639 composite?
False
Is 85557718951 a composite number?
False
Is 16208694259 a composite number?
True
Is 3723495733 a composite number?
True
Is 21814777433 composite?
True
Is 23434350286 composite?
True
Is 14770947449 a composite number?
True
Is 17733624481 a composite number?
False
Is 109946238671 a prime number?
True
Is 215703989 prime?
True
Is 5090964157 a composite number?
True
Is 2715952531 a prime number?
False
Is 16668161 prime?
False
Is 574034819 composite?
False
Is 67171703671 composite?
False
Is 956289973 composite?
False
Is 311708701 prime?
False
Is 20711154301 a prime number?
True
Is 47432556073 a prime number?
False
Is 1164201677 a prime number?
True
Is 106657697951 a prime number?
False
Is 793303391 a composite number?
False
Is 39910815283 composite?
False
Is 261082333 a composite number?
False
Is 2880743321 a prime number?
True
Is 4411516453 composite?
True
Is 795453214 a composite number?
True
Is 2693108491 composite?
True
Is 11735635847 a prime number?
False
Is 2046861781 a composite number?
True
Is 649636237 a prime number?
True
Is 46372919035 prime?
False
Is 5477395609 composite?
True
Is 33428473591 a prime number?
True
Is 9104146549 prime?
True
Is 14796157567 a composite number?
False
Is 789946597 composite?
True
Is 3921793433 composite?
True
Is 7275253961 composite?
False
Is 563815561 composite?
True
Is 286329751 a composite number?
False
Is 4086988891 prime?
False
Is 306986899 a prime number?
False
Is 7894655995 a prime number?
False
Is 24009691933 composite?
False
Is 306665187194 prime?
False
Is 127105351393 composite?
False
Is 1587204209 a prime number?
True
Is 6952007449 prime?
True
Is 546630727 prime?
False
Is 39712015643 a composite number?
False
Is 23167836733 a prime number?
True
Is 18739408813 a prime number?
True
Is 237431927 composite?
True
Is 11240031481 prime?
False
Is 15040633589 prime?
True
Is 2987220311 a composite number?
True
Is 16447684063 a prime number?
True
Is 6517493 a composite number?
True
Is 88039359029 a prime number?
True
Is 8813993803 a prime number?
False
Is 1685666599 prime?
False
Is 23819191763 composite?
True
Is 8107167739 a composite number?
True
Is 1309241467 prime?
True
Is 15412070507 composite?
False
Is 5668107979 composite?
True
Is 11103705211 prime?
True
Is 161343163 a composite number?
False
Is 147993667 a prime number?
True
Is 3465408121 composite?
True
Is 2522906197 composite?
True
Is 25769377961 a composite number?
False
Is 2218108199 a prime number?
True
Is 641186089 composite?
True
Is 2185238831 a composite number?
True
Is 12886499 a composite number?
False
Is 23362500697 composite?
False
Is 81302489 a prime number?
False
Is 2758196453 composite?
False
Is 9361774603 a prime number?
False
Is 1971145027 composite?
False
Is 1273528297 a composite number?
True
Is 612436457 composite?
True
Is 50057470913 a composite number?
False
Is 40972236079 composite?
False
Is 60828002633 a composite number?
True
Is 19665058559 a prime number?
True
Is 57373091 a composite number?
False
Is 62989640513 a composite number?
False
Is 92026261 a prime number?
True
Is 7954898741 a composite number?
False
Is 30418746569 composite?
False
Is 2277451987 prime?
True
Is 2196517711 a composite number?
False
Is 14702991729 a prime number?
False
Is 432099487 prime?
True
Is 13023633279 prime?
False
Is 1250926097 composite?
True
Is 589441079 a composite number?
True
Is 16964272313 a prime number?
True
Is 97631423 a prime number?
True
Is 1137217231 a composite number?
True
Is 93261487537 a prime number?
True
Is 1214846609 a prime number?
False
Is 62153667677 prime?
True
Is 28518644363 prime?
False
Is 120614443223 composite?
True
Is 1577754197 a composite number?
False
Is 16878232297 a composite number?
False
Is 258372427 prime?
False
Is 61579885331 a composite number?
False
Is 1859707627 a composite number?
True
Is 48433691107 a composite number?
True
Is 10065696283 a prime number?
False
Is 69184251379 prime?
True
Is 15327876139 a composite number?
False
Is 16315775423 a prime number?
False
Is 150212572333